r of o and 6?
3
Let h(f) = 3*f**2 - 2*f - 2. Let i be h(-5). Suppose 1 + i = 4*c. Suppose 0*z = z + 3*q - 15, -2*z + c = -3*q. What is the greatest common factor of z and 12?
12
Suppose 189 - 9 = 3*i. Suppose 2*r = g - i, 4*g - 5*r - 225 = -2*r. What is the greatest common factor of g and 6?
6
Let d be 33*(1 - 7/(-3)). What is the highest common divisor of 10 and d?
10
Let m(t) = t - 4. Let w be m(8). Suppose 792 = -7*p + w*p. Let o = -174 - p. Calculate the highest common divisor of o and 10.
10
Let p = -29 + 44. Calculate the highest common divisor of 5 and p.
5
Let k(m) = -6*m + 5 - 4 - 43*m. Let g be k(-2). What is the highest common factor of g and 9?
9
Let p be (-6)/4*((-1 - 0) + -1). What is the greatest common divisor of 12 and p?
3
Let x be (6 - 4)/(2/21). What is the highest common factor of x and 168?
21
Let c be 208/56 - 2/(-7). Let l = c + 5. Calculate the greatest common divisor of 1 and l.
1
Let g(h) = h**2 + 9*h + 2. Let d be g(-9). Let f = d - 0. Suppose 3*j - 4*t = 4*j, 3*j - 28 = -5*t. Calculate the greatest common factor of j and f.
2
Let i = -5 + 5. Let k(p) = -p**2 + 3. Let j be k(i). What is the greatest common factor of 21 and j?
3
Suppose 4*j = 2*j + 2, -5*n + 13 = -2*j. Suppose n*w = 2*w + 15. What is the highest common factor of 30 and w?
15
Let n be 1*392/(6 + -2). Suppose f - 25 = -k, -3*f + n = -k + 5*k. Calculate the greatest common divisor of k and 46.
23
Let a(z) = -2*z - 4. Let w be a(-4). Let m be 72/30*(-40)/(-6). Suppose m = 4*q - 5*y, -2*q + q - 3*y = -w. Calculate the highest common divisor of 20 and q.
4
Suppose 112 = 5*z - 178. Suppose -3*k + z = -2*f, k + 4*f - 13 = -3. What is the highest common factor of k and 18?
18
Let i = -3 + 5. Suppose -4*o = -4*b + 24, -b - 3*o = -i + 16. What is the greatest common factor of 4 and b?
1
Let p = 65 - 56. What is the highest common divisor of p and 1?
1
Suppose 0 = -2*r - s + 219, -2*r = s + 4*s - 199. What is the greatest common divisor of r and 16?
16
Suppose 5*y + 129 = 5*o - 4*o, -3*y = -9. Calculate the highest common divisor of 16 and o.
16
Suppose -i = -5*u, 0 = 2*i - 4*i + 3*u. Suppose -2*d + 475 + 65 = i. What is the highest common divisor of d and 30?
30
Let d(o) = 4*o**2 - 6*o + 126. Let w(m) = -3*m**2 + 5*m - 126. Let l(h) = -4*d(h) - 5*w(h). Let f be l(0). What is the greatest common factor of f and 14?
14
Suppose 0 = 6*i - 5*i - 80. What is the highest common factor of i and 8?
8
Let w(a) = 6*a**2 - 2*a + 1. Let o be w(2). Suppose x = 4*x - o. Let n be 68/x + (-4)/(-14). What is the highest common factor of n and 25?
5
Let h be (30/9)/(6/9). Let p = h - -1. Calculate the highest common factor of p and 18.
6
Let o be (-27)/(-5) + (-10)/25. Calculate the greatest common divisor of 25 and o.
5
Let w be 0/(-2 + -2) - -15. Calculate the greatest common divisor of w and 12.
3
Let g = 16 + -6. Suppose g = -5*l, 2*n + l + l = 26. What is the highest common divisor of n and 120?
15
Let n(w) = 3*w. Let m = -8 - -9. Let a be n(m). Suppose 0 = t - a - 7. What is the greatest common factor of 25 and t?
5
Let u(d) = -3*d**2 + 2*d - 3. Let v(i) = i**2 - i + 1. Let l(c) = -3*u(c) - 7*v(c). Let m be l(-2). Calculate the greatest common factor of m and 12.
4
Let l(v) = v**2 + 32*v + 6. Let t be l(-32). What is the greatest common factor of 42 and t?
6
Let k be (2 + 0)/((-4)/(-54)). Calculate the greatest common divisor of 189 and k.
27
Let v(x) = 9*x - 7. Let y(m) = 22*m - 18. Let n(j) = -12*v(j) + 5*y(j). Let o be n(7). Suppose z = 7 + o. What is the greatest common factor of z and 60?
15
Suppose -6 = 2*o - 28. Calculate the greatest common divisor of o and 121.
11
Suppose -7 = -3*q + 77. Suppose -4*p + q = -5*c, 0 = -2*p + 3*p + 2*c - 20. Suppose -2*d - 40 = -7*d. Calculate the greatest common divisor of p and d.
4
Let j(v) = -2*v**3 + 2*v**2 + v + 5. Let k be j(-4). Let b be (-4)/(-2) + -2 + 23. Calculate the greatest common divisor of b and k.
23
Suppose j - 5*j - 5*y + 60 = 0, -5*y = j. Calculate the highest common divisor of j and 20.
20
Let o = 6 + 24. What is the greatest common factor of o and 2?
2
Let g(x) = x**3 - 7*x**2 - x + 3. Let f be g(7). Let w = 12 + f. Let d = 40 - 8. Calculate the highest common factor of d and w.
8
Let m(c) = -c**3 - c**2 + 4*c. Let p be m(-3). What is the highest common factor of p and 36?
6
Let v = 12 + -8. What is the highest common divisor of 20 and v?
4
Let g(l) = -2*l**2 + 8*l - 20. Let z(c) = 5*c**2 - 16*c + 41. Let d(h) = -7*g(h) - 3*z(h). Let f be d(-7). What is the highest common divisor of f and 12?
12
Let a = 2 - -63. Calculate the greatest common factor of a and 13.
13
Let g = -3 + 5. Suppose 3*b - 27 = -3*y, g*b + 5 = 4*y - 1. Suppose 3*n - 81 = -3*m, -5*n - 115 + 26 = -3*m. What is the highest common divisor of m and y?
4
Let h(d) = 2*d**3 - 14*d**2 - 17*d - 19. Let q be h(9). Calculate the highest common divisor of 8 and q.
8
Let b(r) = 6*r + 4. Let t be b(2). Calculate the greatest common divisor of t and 24.
8
Suppose 3*p = p + 88. Suppose 3*x - 5 - 28 = 0. What is the highest common factor of p and x?
11
Let c = -163 - -177. Calculate the highest common divisor of c and 70.
14
Let l = 13 - 11. Let x be ((-2)/(-5))/(l/750). Calculate the highest common divisor of x and 15.
15
Suppose 7*h - 13 - 29 = 0. What is the greatest common divisor of 42 and h?
6
Suppose 70 = 5*n - 5*y, 25 = -2*n - 5*y + 60. Let v be (1 + -1)/(6 + -3). Let b = 3 - v. What is the greatest common divisor of n and b?
3
Let f be 5337/63 - (-2)/21*3. What is the highest common factor of f and 51?
17
Let w be 1 - 1 - (2 - -70)/(-4). Let j be (-6)/(-4)*(-8)/(-12). Let f be j/(56/54 - 1). Calculate the highest common factor of w and f.
9
Let i(a) = a**3 - 5*a**2 + 7*a - 4. Let w be i(4). Let d = 69 + -37. Calculate the highest common factor of w and d.
8
Suppose 13 = -3*i + 55. Let d be (5 - -247)*1*(-1)/(-2). Calculate the greatest common factor of i and d.
14
Let t = 74 - 8. Calculate the highest common divisor of 165 and t.
33
Let a = 15 - 12. Let g be 85/4 - (-1)/(-4). Calculate the highest common divisor of a and g.
3
Let s(u) be the second derivative of 1/12*u**4 + 0 + 3*u - 11/6*u**3 + 15/2*u**2. Let w be s(10). Calculate the highest common divisor of w and 45.
5
Let x be (3 + (2 - 0))*4. Let d(q) = 6*q**2 - 3*q - 2. Let i be d(-4). Suppose -x = -a + i. Calculate the greatest common divisor of 14 and a.
14
Let w be (-2 - 12)/(1/(-2)). What is the greatest common divisor of 14 and w?
14
Let z(r) = r**3 + 10*r**2 - 6*r. Suppose 3 = -i + 5*v - 11, -3*v - 42 = 5*i. Let a be z(i). Calculate the highest common divisor of 15 and a.
15
Suppose x - 12 = -3*s, 2*x + 3*s - 20 = -2*s. Let l(p) = -p**3 + 2*p**2 + 24. Let c be l(x). What is the greatest common divisor of c and 24?
24
Suppose 4*f - 8*f = -48. Let z = 62 - 32. Calculate the highest common factor of z and f.
6
Suppose 0 = 4*o + 3 - 23. Suppose -2 = -o*b + 8. Suppose -b*p - 12 = -q, 0*q + 4*p + 16 = q. What is the highest common divisor of 64 and q?
8
Let s(b) = 2*b**2 + 7*b + 5. Let w be s(-4). Let x = 0 + w. What is the highest common factor of x and 63?
9
Suppose 3*w - 2*n + 86 = 5*w, 0 = -5*n + 20. Suppose q + 15 = -2*q, -4*g + w = 5*q. Calculate the greatest common divisor of g and 144.
16
Suppose 5*p - 180 = 30. Let f(o) = -o**2 - 6*o + 9. Let z be f(-7). Suppose 0 = -z*v + 18 + p. What is the highest common divisor of 20 and v?
10
Let a = -108 + 220. Let n(g) = g**3 - 5*g**2 - 5*g + 8. Let b be n(6). Calculate the greatest common divisor of b and a.
14
Let w(u) = -3*u**3 - 5*u**2 - 8*u - 6. Let o be w(-3). Calculate the highest common divisor of o and 6.
6
Let i be ((-6)/(-8))/(1/8). Let w(u) = -6*u. Let t be w(-4). Let h = t - 12. What is the highest common divisor of h and i?
6
Let r(s) = 5*s - 7. Let k be r(6). Let z = -410 + 433. Calculate the highest common divisor of z and k.
23
Let c be (-1 - 2) + 4 + 38. What is the greatest common factor of 195 and c?
39
Let g(t) = t**3 + 5*t**2 + 2*t + 6. Let k be g(-3). What is the highest common divisor of k and 42?
6
Let c be -4*17/(-2)*1. Let n = -16 + c. Let a = -446 - -448. Calculate the greatest common divisor of a and n.
2
Suppose -y = 3*u - 0*u - 5, -3*y - u = -7. Let g = 22 - 4. Calculate the greatest common factor of g and y.